remainder when 374515 is divided by 53499.
22
Calculate the remainder when 242772 is divided by 3520.
3412
Calculate the remainder when 1913930 is divided by 2970.
1250
Calculate the remainder when 43690607 is divided by 936.
935
Calculate the remainder when 47772720 is divided by 5971578.
96
What is the remainder when 10610483 is divided by 1110?
1103
What is the remainder when 827940 is divided by 41?
27
What is the remainder when 8220511 is divided by 294?
271
What is the remainder when 920331 is divided by 203?
132
What is the remainder when 9291 is divided by 1319?
58
What is the remainder when 147727 is divided by 13424?
63
What is the remainder when 3308642 is divided by 827040?
482
What is the remainder when 99107 is divided by 49453?
201
Calculate the remainder when 11348776 is divided by 99.
10
Calculate the remainder when 46349473 is divided by 19.
18
What is the remainder when 66895665 is divided by 16723914?
9
What is the remainder when 10786 is divided by 10760?
26
Calculate the remainder when 108915 is divided by 35482.
2469
What is the remainder when 1368848 is divided by 342134?
312
What is the remainder when 270991464 is divided by 227?
226
Calculate the remainder when 5255447 is divided by 79.
51
Calculate the remainder when 57690 is divided by 19156.
222
What is the remainder when 1032186 is divided by 6?
0
Calculate the remainder when 50842252 is divided by 513558.
10
Calculate the remainder when 174407008 is divided by 27.
22
Calculate the remainder when 64849 is divided by 63.
22
What is the remainder when 674987 is divided by 96?
11
Calculate the remainder when 515406 is divided by 257643.
120
Calculate the remainder when 19078 is divided by 9478.
122
Calculate the remainder when 158775488 is divided by 3694.
3674
What is the remainder when 463137 is divided by 30875?
12
Calculate the remainder when 87047 is divided by 572.
103
Calculate the remainder when 95208437 is divided by 31.
28
What is the remainder when 3275883 is divided by 67?
52
Calculate the remainder when 652697 is divided by 14504.
17
What is the remainder when 1939011 is divided by 193901?
1
What is the remainder when 2452006 is divided by 11045?
16
Calculate the remainder when 601857 is divided by 966.
39
What is the remainder when 1395503 is divided by 77?
32
What is the remainder when 4837062 is divided by 14?
6
What is the remainder when 2998542 is divided by 139?
34
What is the remainder when 1471990715 is divided by 4?
3
Calculate the remainder when 3192358 is divided by 30401.
253
Calculate the remainder when 756794 is divided by 777.
773
Calculate the remainder when 93092856 is divided by 621.
609
What is the remainder when 1228370 is divided by 613?
531
What is the remainder when 6402374 is divided by 4725?
4724
Calculate the remainder when 108130659 is divided by 110.
109
What is the remainder when 263076 is divided by 7516?
16
Calculate the remainder when 11823069 is divided by 4733.
35
What is the remainder when 1181905 is divided by 502?
197
Calculate the remainder when 2618537 is divided by 9844.
33
Calculate the remainder when 204818 is divided by 204773.
45
What is the remainder when 77160 is divided by 77147?
13
Calculate the remainder when 487295 is divided by 20048.
6143
Calculate the remainder when 1344585 is divided by 5770.
175
Calculate the remainder when 52371077 is divided by 2824.
2821
Calculate the remainder when 12695377 is divided by 6347687.
3
Calculate the remainder when 1194607 is divided by 597262.
83
What is the remainder when 13595425 is divided by 73?
51
Calculate the remainder when 975052 is divided by 679.
8
What is the remainder when 578784 is divided by 704?
96
What is the remainder when 1682285 is divided by 139?
107
Calculate the remainder when 484981 is divided by 2126.
253
Calculate the remainder when 114825 is divided by 2427.
756
Calculate the remainder when 74027549 is divided by 1728.
29
Calculate the remainder when 165264 is divided by 104.
8
Calculate the remainder when 31118792 is divided by 41.
38
Calculate the remainder when 24436 is divided by 12217.
2
What is the remainder when 9599 is divided by 6678?
2921
What is the remainder when 6739 is divided by 230?
69
What is the remainder when 23690529 is divided by 54?
27
Calculate the remainder when 1406726 is divided by 56.
6
What is the remainder when 7312195 is divided by 337?
306
What is the remainder when 2362138 is divided by 1101?
493
What is the remainder when 2877068 is divided by 8512?
12
Calculate the remainder when 431941 is divided by 215127.
1687
Calculate the remainder when 970749 is divided by 332.
313
What is the remainder when 19608941 is divided by 20576?
13
Calculate the remainder when 1065462 is divided by 20103.
3
Calculate the remainder when 2358812 is divided by 81320.
532
Calculate the remainder when 5196348 is divided by 1732115.
3
Calculate the remainder when 242975 is divided by 24280.
175
Calculate the remainder when 32366 is divided by 6461.
61
Calculate the remainder when 58071 is divided by 14028.
1959
Calculate the remainder when 3998963 is divided by 138.
137
Calculate the remainder when 451116 is divided by 6440.
316
What is the remainder when 71644 is divided by 2854?
294
Calculate the remainder when 29560121 is divided by 35.
31
What is the remainder when 16348461 is divided by 35?
31
Calculate the remainder when 15966 is divided by 5288.
102
What is the remainder when 1575155 is divided by 8?
3
Calculate the remainder when 7042223 is divided by 7042217.
6
What is the remainder when 176313537 is divided by 8?
1
What is the remainder when 13507 is divided by 4956?
3595
What is the remainder when 139373 is divided by 1190?
143
What is the remainder when 52069 is divided by 127?
126
What is the remainder when 9257282 is divided by 839?
595
Calculate the remainder when 2805229 is divided by 142.
19
Calculate the remainder when 16941503 is divided by 3296.
63
What is the remainder when 123388856 is divided by 1843?
6
Calculate the remainder when 413776 is divided by 21776.
32
Calculate the remainder when 4235542 is divided by 101.
6
Calculate the remainder when 28595 is divided by 111.
68
What is the remainder when 86059 is divided by 14330?
79
What is the remainder when 1107966 is divided by 41033?
75
What is the remainder when 285811 is divided by 8660?
31
Calculate the remainder when 4092577 is divided by 292326.
13
Calculate the remainder when 324887 is divided by 872.
503
Calculate the remainder when 697770 is divided by 231698.
2676
What is the remainder when 2767622 is divided by 386?
2
Calculate the remainder when 55779 is divided by 27704.
371
What is the remainder when 51687 is divided by 51521?
166
Calculate the remainder when 2289646 is divided by 437.
203
Calculate the remainder when 917570 is divided by 152847.
488
What is the remainder when 19864162 is divided by 65?
32
Calculate the remainder when 2288180 is divided by 103980.
620
Calculate the remainder when 86135 is divided by 560.
455
What is the remainder when 11060835 is divided by 67?
6
What is the remainder when 2009660 is divided by 5235?
4655
Calculate the remainder when 2838093 is divided by 5050.
5043
What is the remainder when 9894406 is divided by 17148?
10
Calculate the remainder when 1312634175 is divided by 18.
15
What is the remainder when 100148 is divided by 13551?
5291
What is the remainder when 232740 is divided by 164?
24
Calculate the remainder when 5425307 is divided by 2712042.
1223
Calculate the remainder when 11428162 is divided by 307.
87
Calculate the remainder when 2766299 is divided by 1383025.
249
Calculate the remainder when 197992 is divided by 1040.
392
What is the remainder when 766174 is divided by 7739?
13
What is the remainder when 43158 is divided by 42665?
493
Calculate the remainder when 961850 is divided by 695.
665
What is the remainder when 106360205 is divided by 6337?
6334
Calculate the remainder when 10484737 is divided by 137.
127
What is the remainder when 680081 is divided by 591?
431
Calculate the remainder when 193798 is divided by 38759.
3
Calculate the remainder when 7807 is divided by 7670.
137
Calculate the remainder when 206926 is divided by 29494.
468
What is the remainder when 8614 is divided b